at is b(4)?
20
Let h(t) = t**2 + 3*t + 6. What is h(-4)?
10
Let q(n) = -14*n**3 + 10*n**2 + 8*n - 1. What is q(-1)?
15
Let r(c) = -c. Give r(-3).
3
Let x(a) = -5*a + 27. Calculate x(5).
2
Let n(r) = 4*r + 16. What is n(-3)?
4
Let j(a) = -25*a - 70. Determine j(-3).
5
Let d(r) = 20*r**2 + r. What is d(-1)?
19
Let x(h) = h - 4. What is x(8)?
4
Let i(p) = 23*p - 73. Give i(3).
-4
Let k(q) = -3*q + 118. What is k(39)?
1
Let v(s) = -5*s**2 - 3*s - 3. Give v(-2).
-17
Let v(d) = 6*d + 40. What is v(-20)?
-80
Let g(y) = -4*y**2 + 6*y - 3. Give g(4).
-43
Let h(y) = y**3 + 16*y**2 + 17*y + 33. Determine h(-15).
3
Let t(f) = f**2 + 3*f - 9. Give t(-5).
1
Let s(a) = -32*a - 104. What is s(-3)?
-8
Let s(w) = -w**3 + 12*w**2 - 31*w - 7. What is s(8)?
1
Let t(l) = -3*l + 17. Give t(4).
5
Let h(s) = 13*s + 8. Calculate h(-1).
-5
Let s(u) = -u**3 - 13*u**2 + 14*u - 4. Determine s(-14).
-4
Let p(z) = 4*z + 59. Determine p(-17).
-9
Let v(r) = 5*r + 5. Give v(1).
10
Let v(h) = 21*h**2 + h - 1. Give v(1).
21
Let t(y) = 4*y - 3. Calculate t(-9).
-39
Let q(f) = 14*f**2 - 139*f - 6. What is q(10)?
4
Let x(r) = -4*r**2 - 18*r - 8. Determine x(-6).
-44
Let h(a) = -a**2 - 7*a - 4. Give h(-6).
2
Let g(u) = -10*u - 52. What is g(-5)?
-2
Let x(l) = 9*l + 56. Give x(-6).
2
Let p(v) = -v**3 + 9*v**2 + 10*v + 15. What is p(10)?
15
Let b(h) = -h**2 + 8. Calculate b(4).
-8
Let i(y) = -8*y + 4. What is i(2)?
-12
Let h(v) = 4*v**2 + 26*v + 2. Determine h(-7).
16
Let p(b) = -b**2 - 8*b + 13. What is p(-11)?
-20
Let w(s) = -s**3 + 9*s**2 + 5*s + 24. Calculate w(10).
-26
Let o(x) = -3*x**2 + 4*x + 7. Give o(4).
-25
Let a(g) = 4*g**2 + 3*g - 3. What is a(1)?
4
Let z(k) = -k**3 + 18*k**2 + 16*k + 43. Determine z(19).
-14
Let f(k) = -k**2 + 5*k + 4. Give f(5).
4
Let o(d) = 3*d**2 + 62*d + 41. Calculate o(-20).
1
Let k(a) = -5*a + 44. What is k(12)?
-16
Let z(r) = -r**3 - 8*r**2 + r + 13. Determine z(-8).
5
Let a(o) = -4*o**3 - o**2 - 3*o - 1. Calculate a(0).
-1
Let i(u) = u**2 - 13*u + 20. Calculate i(11).
-2
Let w(v) = 2*v**2 + 4*v - 5. Give w(2).
11
Let p(i) = -i**3 + 8*i**2 - 5*i - 6. Give p(5).
44
Let o(m) = -m**3 - 3*m**2 + 3*m + 6. Calculate o(-3).
-3
Let v(t) = -t**2 - 109*t - 804. What is v(-8)?
4
Let i(n) = 39*n**2 - 1. Determine i(-1).
38
Let y(v) = v**3 + 7*v**2 + 4*v + 16. What is y(-7)?
-12
Let h(i) = 6*i**3 - 2*i**2 + 2*i + 2. What is h(2)?
46
Let g(a) = a**3 - 8*a**2 + 7*a - 8. Determine g(7).
-8
Let i(j) = -j**3 - 7*j**2 + 12*j + 34. Determine i(-8).
2
Let x(f) = f**3 + 47*f**2 - 53*f - 241. Calculate x(-48).
-1
Let h(a) = -4*a + 1. Give h(-4).
17
Let w(m) = -m + 33. Calculate w(-13).
46
Let f(w) = w**3 - 6*w**2 + 9*w - 5. What is f(4)?
-1
Let f(z) = z**2 - 5*z + 2. Give f(5).
2
Let j(i) = -i - 32. Determine j(0).
-32
Let s(r) = r**3 + 2*r**2 - 3*r + 2. What is s(2)?
12
Let c(f) = 20*f - 128. What is c(7)?
12
Let h(d) = 2*d + 45. Determine h(-12).
21
Let n(u) = -u**3 - 17*u**2 + 16*u - 43. Determine n(-18).
-7
Let o(f) = 4*f - 7. Calculate o(3).
5
Let b(o) = -o**2 - o - 14. Determine b(0).
-14
Let b(c) = 4*c - 3. What is b(-4)?
-19
Let n(a) = a**3 + 14*a**2 + a + 16. Give n(-14).
2
Let o(k) = -k**2 + k + 23. Calculate o(6).
-7
Let u(i) = 3*i + 41. Determine u(15).
86
Let t(v) = v**3 + 10*v**2 + 21*v + 23. Give t(-8).
-17
Let v(d) = d**3 + 8*d**2 + 5*d + 10. Determine v(-8).
-30
Let f(n) = n**3 - 9*n**2 + 18*n - 8. Determine f(7).
20
Let h(o) = o**3 - 7*o**2 + 6*o - 9. Calculate h(7).
33
Let t(y) = -2*y + 16. Give t(-5).
26
Let l(z) = z**3 - z**2 + 4*z - 2. What is l(1)?
2
Let v(d) = -5*d - 15. Determine v(-3).
0
Let k(d) = -d + 2. Determine k(-5).
7
Let t(c) = 10*c + 560. What is t(-57)?
-10
Let v(h) = h**2 + 4*h + 4. Give v(-4).
4
Let j(o) = -2*o + 2. Give j(5).
-8
Let m(p) = -p + 32. Determine m(26).
6
Let u(g) = -g**3 + g + 1. What is u(-1)?
1
Let h(o) = 3*o**3 - 2*o**2 + 6*o - 5. What is h(1)?
2
Let f(z) = z**2 + 32*z - 141. What is f(4)?
3
Let i(z) = -z - 3. What is i(8)?
-11
Let x(h) = h**3 - 3*h**2 + 5*h + 1. Calculate x(3).
16
Let f(k) = -19*k**2 + k + 1. Calculate f(-2).
-77
Let q(u) = 5*u**2 - 10*u - 111. Determine q(6).
9
Let l(x) = -x**2 + 11*x - 10. Calculate l(14).
-52
Let r(m) = -8*m + 7. Give r(-4).
39
Let b(o) = o**2 - 10*o + 17. Calculate b(8).
1
Let d(o) = o**3 - 7*o**2 + 14*o - 25. What is d(5)?
-5
Let g(u) = -u**3 - 30*u**2 + 28*u - 94. What is g(-31)?
-1
Let c(j) = j**3 - j**2 - j - 1. Give c(-1).
-2
Let z(p) = -8*p + 3. What is z(-4)?
35
Let y(m) = m + 23. Calculate y(-4).
19
Let a(v) = v**3 - 6*v**2 - 8*v - 6. What is a(7)?
-13
Let j(i) = 56*i**2 - i. Determine j(-1).
57
Let p(b) = -14*b**3 + 2*b**2 + 2*b. Determine p(-2).
116
Let y(f) = -f**2 - 13*f - 12. Determine y(-9).
24
Let o(h) = 6*h - 81. Give o(15).
9
Let f(z) = -83*z + 2236. Calculate f(27).
-5
Let n(c) = -4*c**2 - 2*c - 10. Calculate n(-3).
-40
Let r(l) = 2*l**2 - 23*l + 6. Determine r(12).
18
Let p(n) = -n**3 - 9*n**2 - 14*n - 8. Give p(-7).
-8
Let t(z) = 12*z + 153. Determine t(-12).
9
Let p(q) = 5*q + 82. Calculate p(-21).
-23
Let v(i) = -i**3 - 5*i**2 + 27*i + 5. Give v(-9).
86
Let d(k) = -k**2 - 13*k + 28. What is d(-11)?
50
Let d(v) = -v**2 - 27*v - 158. Calculate d(-8).
-6
Let o(v) = -2*v - 8. What is o(7)?
-22
Let s(j) = j**3 + 5*j**2 + 4*j. Calculate s(-5).
-20
Let y(h) = 2*h**3 + 16*h**2 + 5. Determine y(-8).
5
Let u(s) = -s - 10. Calculate u(-7).
-3
Let u(w) = w**3 + 6*w**2 + 9*w + 12. What is u(-5)?
-8
Let a(p) = -p**3 + p**2 - 5*p + 3. What is a(-4)?
103
Let f(p) = -p**3 + p - 3. Determine f(0).
-3
Let h(a) = 14*a + 195. What is h(-13)?
13
Let x(o) = 10*o + 19. What is x(-6)?
-41
Let t(z) = z + 6. What is t(15)?
21
Let z(p) = 20*p + 13. Give z(0).
13
Let b(i) = 17*i + 53. What is b(-4)?
-15
Let a(h) = h**2 + 2*h + 2. Give a(-3).
5
Let p(t) = -9*t - 63. Give p(-9).
18
Let p(r) = 3*r - 14. Give p(13).
25
Let b(t) = 8*t + 29. Calculate b(-5).
-11
Let s(q) = -44*q - 44. Give s(-1).
0
Let y(h) = -h**3 + 30*h**2 + 33*h - 60. What is y(31)?
2
Let y(a) = a**2 + 8*a + 6. Calculate y(7).
111
Let k(p) = -4*p - 52. Give k(-14).
4
Let t(d) = -d**2 - d + 2. Give t(-4).
-10
Let s(c) = 5*c + 27. Give s(0).
27
Let l(d) = -d**2 - 17*d - 38. Give l(-11).
28
Let w(m) = -m**3 + 9*m**2 - 3*m + 4. Calculate w(9).
-23
Let l(u) = -4*u**2 - 2*u - 25. Give l(0).
-25
Let s(r) = 16*r**2 - 3*r - 1. Determine s(-1).
18
Let m(v) = -v**2 - 5*v - 12. Determine m(-3).
-6
Let w(l) = -25*l**2 + l. What is w(-1)?
-26
Let m(f) = -f**2 - 2*f + 5. Determine m(-5).
-10
Let b(c) = -c + 7. What is b(12)?
-5
Let n(q) = 14*q**2 - 2*q + 3. Give n(2).
55
Let x(j) = -j**2 + 30*j + 65. Give x(32).
1
Let j(a) = 21*a**2 - a + 1. Give j(1).
21
Let b(u) = -5*u + 56. Calculate b(12).
-4
Let b(r) = -3*r + 16. What is b(5)?
1
Let t(c) = -23*c - 2. Calculate t(1).
-25
Let a(s) = -s**2 + 10*s - 5. Determine a(9).
4
Let q(w) = w**2 - 9*w + 8. Determine q(8).
0
Let g(b) = -b**2 - 27*b - 175. Give g(-14).
7
Let t(h) = h**3 + h**2 - h - 18. Calculate t(0).
-18
Let d(b) = b**3 + 5*b**2 - 6*b - 12. Give d(-5).
18
Let y(s) = -8*s. Determine y(-2).
16
Let v(d) = -d - 13. Determine v(0).
-13
Let g(u) = -u**2 + 3*u + 5. Determine g(6).
-13
Let i(g) = -8*g**3 - 3*g + 3. Calculate i(2).
-67
Let a(q) = -13*q + 286. Calculate a(22).
0
Let g(i) = i**3 - 26*i**2 + 26*i - 13. Give g(25).
12
Let x(k) = k**2 + 33. Determine x(0).
33
Let l(o) = o**3 - 11*o**2 - 36*o + 113. Give l(13).
-17
Let m(b) = -3*b**2 + b - 1. Determine m(-3).
-31
Let q(k) = -9*k + 89. What is q(12)?
-19
Let j(u) = -5*u - 106. Give j(-23).
9
Let o(c) = -2*c - 1. Determine o(1).
-3
Let z(u) = 2*u + 10. Give z(-7).
-4
Let t(f) = f + 9. Calculate t(-4).
5
Let o(m) = m**3 + 9*m**2 + 9*m + 8. What is o(-8)?
0
Let g(o) = o**2 - 41*o + 357. Give g(28).
-7
Let o(p) = -p**2 + p + 75. Give o(0).
75
Let w(i) = -5*i + 59. Calculate w(14).
-11
Let d(o) = o**3 - 7*o**2 - 3*o + 17. Determine d(7).
-4
Let v(q) = 33*q - 32. Determine v(1).
1
Let q(a) = a**2 - a - 5. Determine q(0).
-5
Let j(m) = m**3 + 4*m**2 - 7*m. What is j(-4)?
28
Let i(q) = 60*q + 241. Determine i(-4).
1
Let b(x) = -8*x + 47. Calculate b(-11).
135
Let q(f) = f**2 - 14*f + 10. Calculate q(10).
-30
Let o(w) = w - 3. What is o(-6)?
-9
Let p(l) = -15*l**2 + l + 2. Give p(-1).
-14
Let v(k) = 12*k + 113. What is v(-9)?
5
Let